{"id":1887,"date":"2020-04-03T12:44:10","date_gmt":"2020-04-03T11:44:10","guid":{"rendered":"https:\/\/www.elfarodetuciudad.com\/?page_id=1887"},"modified":"2020-04-03T23:29:09","modified_gmt":"2020-04-03T22:29:09","slug":"marketing-digital-para-comercios","status":"publish","type":"page","link":"https:\/\/www.elfarodetuciudad.com\/?page_id=1887","title":{"rendered":"Marketing Digital para Comercios"},"content":{"rendered":"<div class=\"dslc-modules-section \">\n<div class=\"dslc-modules-section-wrapper dslc-clearfix\">\n<div class=\"dslc-modules-area dslc-col dslc-8-col dslc-first-col\" data-size=\"8\">\n<div id=\"dslc-module-347\" class=\"dslc-module-front dslc-module-DSLC_Text_Simple dslc-in-viewport-check dslc-in-viewport-anim-none dslc-col dslc-12-col dslc-last-col dslc-module-handle-like-regular dslc-in-viewport\" data-module-id=\"347\" data-dslc-module-id=\"DSLC_Text_Simple\" data-dslc-module-size=\"12\" data-dslc-anim=\"none\" data-dslc-anim-delay=\"0\" data-dslc-anim-duration=\"650\" data-dslc-anim-easing=\"ease\" data-dslc-preset=\"none\">\n<div class=\"dslc-text-module-content\">\n<h1 style=\"text-align: center;\">Publicidad en Facebook<\/h1>\n<p>La gesti\u00f3n adecuada de una campa\u00f1a de publicidad en Facebook puede cambiar tu negocio. Te ayudaremos a definir una estrategia previa en consonancia con la situacion online de tu negocio, y posteriormente gestionamos, y monitarizamos toda la campa\u00f1a.<\/p>\n<\/div>\n<\/div>\n<\/div>\n<\/div>\n<\/div>\n<div class=\"dslc-modules-section dslc-no-columns-spacing \">\n<div class=\"dslc-modules-section-wrapper dslc-clearfix\">\n<div class=\"dslc-modules-area dslc-col dslc-12-col dslc-last-col\" data-size=\"12\">\n<div id=\"dslc-module-354\" class=\"dslc-module-front dslc-module-DSLC_Text_Simple dslc-in-viewport-check dslc-in-viewport-anim-none dslc-col dslc-12-col dslc-last-col dslc-module-handle-like-regular dslc-in-viewport\" data-module-id=\"354\" data-dslc-module-id=\"DSLC_Text_Simple\" data-dslc-module-size=\"12\" data-dslc-anim=\"none\" data-dslc-anim-delay=\"0\" data-dslc-anim-duration=\"650\" data-dslc-anim-easing=\"ease\" data-dslc-preset=\"none\">\n<div class=\"dslc-text-module-content\">\n<h2 style=\"text-align: center;\">Tus campa\u00f1as de publicidad en Facebook pueden ser muy rentables.<br \/>\n\u00a1Nosotros las gestionamos por ti!<\/h2>\n<div class=\"dslc-modules-area dslc-col dslc-5-col dslc-first-col\" data-size=\"5\">\n<div id=\"dslc-module-126\" class=\"dslc-module-front dslc-module-DSLC_Text_Simple dslc-in-viewport-check dslc-in-viewport-anim-none dslc-col dslc-12-col dslc-last-col dslc-module-handle-like-regular dslc-in-viewport\" data-module-id=\"126\" data-dslc-module-id=\"DSLC_Text_Simple\" data-dslc-module-size=\"12\" data-dslc-anim=\"none\" data-dslc-anim-delay=\"0\" data-dslc-anim-duration=\"650\" data-dslc-anim-easing=\"ease\" data-dslc-preset=\"none\">\n<div class=\"dslc-text-module-content\">\n<p><iframe loading=\"lazy\" title=\"Gesti\u00f3n de campa\u00f1as de Facebook Ads para el comercio local\" width=\"1080\" height=\"608\" src=\"https:\/\/www.youtube.com\/embed\/m_3gLMlDpho?feature=oembed\" frameborder=\"0\" allow=\"accelerometer; autoplay; clipboard-write; encrypted-media; gyroscope; picture-in-picture; web-share\" referrerpolicy=\"strict-origin-when-cross-origin\" allowfullscreen><\/iframe><\/p>\n<p>&nbsp;<\/p>\n<p>Facebook Ads es el sistema muy rentable si se utiliza de manera adecuada. Existen diversos formatos y f\u00f3rmulas para obtener los rendimientos que deseas. Puedes promocionar tu P\u00e1gina de Facebook, Sitio Web, Evento o Aplicaci\u00f3n. Puedes pagar solamente por los clics recibidos, o por las impresiones, descargas, etc.<\/p>\n<\/div>\n<\/div>\n<div id=\"dslc-module-1093\" class=\"dslc-module-front dslc-module-DSLC_Text_Simple dslc-in-viewport-check dslc-in-viewport-anim-none dslc-col dslc-12-col dslc-last-col dslc-module-handle-like-regular dslc-in-viewport\" data-module-id=\"1093\" data-dslc-module-id=\"DSLC_Text_Simple\" data-dslc-module-size=\"12\" data-dslc-anim=\"none\" data-dslc-anim-delay=\"0\" data-dslc-anim-duration=\"650\" data-dslc-anim-easing=\"ease\" data-dslc-preset=\"none\">\n<div class=\"dslc-text-module-content\">\n<h2>Le ofrecemos nuestros servicios de publicidad en Facebook Ads para:<\/h2>\n<\/div>\n<\/div>\n<div id=\"dslc-module-1094\" class=\"dslc-module-front dslc-module-DSLC_Text_Simple dslc-in-viewport-check dslc-in-viewport-anim-none dslc-col dslc-12-col dslc-last-col dslc-module-handle-like-regular dslc-in-viewport\" data-module-id=\"1094\" data-dslc-module-id=\"DSLC_Text_Simple\" data-dslc-module-size=\"12\" data-dslc-anim=\"none\" data-dslc-anim-delay=\"0\" data-dslc-anim-duration=\"650\" data-dslc-anim-easing=\"ease\" data-dslc-preset=\"none\">\n<div class=\"dslc-text-module-content\">\n<ul>\n<li>Asegurar mas ventas o peticiones de informaci\u00f3n (leads)<\/li>\n<li>Mejora de la visibilidad e incremento de la marca (branding)<\/li>\n<li>Mejora del posicionamiento y la visibilidad general de sus productos o servicios.<\/li>\n<li>Entrar a nuevos mercados<\/li>\n<li>Campa\u00f1as de prueba de nuevos productos o servicios<\/li>\n<\/ul>\n<\/div>\n<\/div>\n<\/div>\n<div class=\"dslc-modules-area dslc-col dslc-7-col dslc-last-col\" data-size=\"7\">\n<div id=\"dslc-module-1171\" class=\"dslc-module-front dslc-module-DSLC_Text_Simple dslc-in-viewport-check dslc-in-viewport-anim-none dslc-col dslc-12-col dslc-last-col dslc-module-handle-like-regular dslc-in-viewport\" data-module-id=\"1171\" data-dslc-module-id=\"DSLC_Text_Simple\" data-dslc-module-size=\"12\" data-dslc-anim=\"none\" data-dslc-anim-delay=\"0\" data-dslc-anim-duration=\"650\" data-dslc-anim-easing=\"ease\" data-dslc-preset=\"none\">\n<div class=\"dslc-text-module-content\">\n<h2><\/h2>\n<h2>Campa\u00f1as de publicidad en Facebook Ads para pymes y lineas de negocio:<\/h2>\n<\/div>\n<\/div>\n<div id=\"dslc-module-1172\" class=\"dslc-module-front dslc-module-DSLC_Info_Box dslc-in-viewport-check dslc-in-viewport-anim-none dslc-col dslc-12-col dslc-last-col dslc-module-handle-like-regular dslc-in-viewport\" data-module-id=\"1172\" data-dslc-module-id=\"DSLC_Info_Box\" data-dslc-module-size=\"12\" data-dslc-anim=\"none\" data-dslc-anim-delay=\"0\" data-dslc-anim-duration=\"650\" data-dslc-anim-easing=\"ease\" data-dslc-preset=\"none\">\n<div class=\"dslc-info-box dslc-info-box-icon-pos-aside\">\n<div class=\"dslc-info-box-wrapper\">\n<div class=\"dslc-info-box-main-wrap dslc-clearfix\">\n<div class=\"dslc-info-box-main\">\n<div class=\"dslc-info-box-title\">\n<h4>Creaci\u00f3n de las campa\u00f1as.<\/h4>\n<\/div>\n<\/div>\n<\/div>\n<\/div>\n<\/div>\n<\/div>\n<div id=\"dslc-module-1181\" class=\"dslc-module-front dslc-module-DSLC_Info_Box dslc-in-viewport-check dslc-in-viewport-anim-none dslc-col dslc-12-col dslc-last-col dslc-module-handle-like-regular dslc-in-viewport\" data-module-id=\"1181\" data-dslc-module-id=\"DSLC_Info_Box\" data-dslc-module-size=\"12\" data-dslc-anim=\"none\" data-dslc-anim-delay=\"0\" data-dslc-anim-duration=\"650\" data-dslc-anim-easing=\"ease\" data-dslc-preset=\"none\">\n<div class=\"dslc-info-box dslc-info-box-icon-pos-aside\">\n<div class=\"dslc-info-box-wrapper\">\n<div class=\"dslc-info-box-main-wrap dslc-clearfix\">\n<div class=\"dslc-info-box-main\">\n<div class=\"dslc-info-box-title\">\n<h4>Dise\u00f1o de contenidos y creatividades.<\/h4>\n<\/div>\n<\/div>\n<\/div>\n<\/div>\n<\/div>\n<\/div>\n<div id=\"dslc-module-1182\" class=\"dslc-module-front dslc-module-DSLC_Info_Box dslc-in-viewport-check dslc-in-viewport-anim-none dslc-col dslc-12-col dslc-last-col dslc-module-handle-like-regular dslc-in-viewport\" data-module-id=\"1182\" data-dslc-module-id=\"DSLC_Info_Box\" data-dslc-module-size=\"12\" data-dslc-anim=\"none\" data-dslc-anim-delay=\"0\" data-dslc-anim-duration=\"650\" data-dslc-anim-easing=\"ease\" data-dslc-preset=\"none\">\n<div class=\"dslc-info-box dslc-info-box-icon-pos-aside\">\n<div class=\"dslc-info-box-wrapper\">\n<div class=\"dslc-info-box-main-wrap dslc-clearfix\">\n<div class=\"dslc-info-box-main\">\n<div class=\"dslc-info-box-title\">\n<h4>Gesti\u00f3n de los anuncios.<\/h4>\n<\/div>\n<\/div>\n<\/div>\n<\/div>\n<\/div>\n<\/div>\n<div id=\"dslc-module-1183\" class=\"dslc-module-front dslc-module-DSLC_Info_Box dslc-in-viewport-check dslc-in-viewport-anim-none dslc-col dslc-12-col dslc-last-col dslc-module-handle-like-regular dslc-in-viewport\" data-module-id=\"1183\" data-dslc-module-id=\"DSLC_Info_Box\" data-dslc-module-size=\"12\" data-dslc-anim=\"none\" data-dslc-anim-delay=\"0\" data-dslc-anim-duration=\"650\" data-dslc-anim-easing=\"ease\" data-dslc-preset=\"none\">\n<div class=\"dslc-info-box dslc-info-box-icon-pos-aside\">\n<div class=\"dslc-info-box-wrapper\">\n<div class=\"dslc-info-box-main-wrap dslc-clearfix\">\n<div class=\"dslc-info-box-main\">\n<div class=\"dslc-info-box-title\">\n<h4>Monitorizaci\u00f3n de resultados.<\/h4>\n<\/div>\n<\/div>\n<\/div>\n<\/div>\n<\/div>\n<\/div>\n<div id=\"dslc-module-1184\" class=\"dslc-module-front dslc-module-DSLC_Info_Box dslc-in-viewport-check dslc-in-viewport-anim-none dslc-col dslc-12-col dslc-last-col dslc-module-handle-like-regular dslc-in-viewport\" data-module-id=\"1184\" data-dslc-module-id=\"DSLC_Info_Box\" data-dslc-module-size=\"12\" data-dslc-anim=\"none\" data-dslc-anim-delay=\"0\" data-dslc-anim-duration=\"650\" data-dslc-anim-easing=\"ease\" data-dslc-preset=\"none\">\n<div class=\"dslc-info-box dslc-info-box-icon-pos-aside\">\n<div class=\"dslc-info-box-wrapper\">\n<div class=\"dslc-info-box-main-wrap dslc-clearfix\">\n<div class=\"dslc-info-box-main\">\n<div class=\"dslc-info-box-title\">\n<h4>Optimizaci\u00f3n de las campa\u00f1as.<\/h4>\n<\/div>\n<\/div>\n<\/div>\n<\/div>\n<\/div>\n<\/div>\n<div id=\"dslc-module-1185\" class=\"dslc-module-front dslc-module-DSLC_Info_Box dslc-in-viewport-check dslc-in-viewport-anim-none dslc-col dslc-12-col dslc-last-col dslc-module-handle-like-regular dslc-in-viewport\" data-module-id=\"1185\" data-dslc-module-id=\"DSLC_Info_Box\" data-dslc-module-size=\"12\" data-dslc-anim=\"none\" data-dslc-anim-delay=\"0\" data-dslc-anim-duration=\"650\" data-dslc-anim-easing=\"ease\" data-dslc-preset=\"none\">\n<div class=\"dslc-info-box dslc-info-box-icon-pos-aside\">\n<div class=\"dslc-info-box-wrapper\">\n<div class=\"dslc-info-box-main-wrap dslc-clearfix\">\n<div class=\"dslc-info-box-main\">\n<div class=\"dslc-info-box-title\">\n<h4>An\u00e1lisis de resultados.<\/h4>\n<\/div>\n<\/div>\n<\/div>\n<\/div>\n<\/div>\n<\/div>\n<div id=\"dslc-module-1186\" class=\"dslc-module-front dslc-module-DSLC_Info_Box dslc-in-viewport-check dslc-in-viewport-anim-none dslc-col dslc-12-col dslc-last-col dslc-module-handle-like-regular dslc-in-viewport\" data-module-id=\"1186\" data-dslc-module-id=\"DSLC_Info_Box\" data-dslc-module-size=\"12\" data-dslc-anim=\"none\" data-dslc-anim-delay=\"0\" data-dslc-anim-duration=\"650\" data-dslc-anim-easing=\"ease\" data-dslc-preset=\"none\">\n<div class=\"dslc-info-box dslc-info-box-icon-pos-aside\">\n<div class=\"dslc-info-box-wrapper\">\n<div class=\"dslc-info-box-main-wrap dslc-clearfix\">\n<div class=\"dslc-info-box-main\">\n<div class=\"dslc-info-box-title\">\n<h4>Integraci\u00f3n de Conversiones (Pixel) y retargeting.<\/h4>\n<\/div>\n<\/div>\n<\/div>\n<\/div>\n<\/div>\n<\/div>\n<\/div>\n<div class=\"dslc-modules-area dslc-col dslc-12-col dslc-last-col\" data-size=\"12\">\n<div id=\"dslc-module-132\" class=\"dslc-module-front dslc-module-DSLC_Separator dslc-in-viewport-check dslc-in-viewport-anim-none dslc-col dslc-12-col dslc-last-col dslc-module-handle-like-regular dslc-in-viewport\" data-module-id=\"132\" data-dslc-module-id=\"DSLC_Separator\" data-dslc-module-size=\"12\" data-dslc-anim=\"none\" data-dslc-anim-delay=\"0\" data-dslc-anim-duration=\"650\" data-dslc-anim-easing=\"ease\" data-dslc-preset=\"none\">\n<div class=\"dslc-separator-wrapper\">\n<div class=\"dslc-separator dslc-separator-style-invisible\"><\/div>\n<div><\/div>\n<\/div>\n<\/div>\n<\/div>\n<\/div>\n<\/div>\n<\/div>\n<\/div>\n<\/div>\n<span class=\"et_bloom_bottom_trigger\"><\/span>","protected":false},"excerpt":{"rendered":"<p>Publicidad en Facebook La gesti\u00f3n adecuada de una campa\u00f1a de publicidad en Facebook puede cambiar tu negocio. Te ayudaremos a definir una estrategia previa en consonancia con la situacion online de tu negocio, y posteriormente gestionamos, y monitarizamos toda la campa\u00f1a. Tus campa\u00f1as de publicidad en Facebook pueden ser muy rentables. \u00a1Nosotros las gestionamos por [&hellip;]<\/p>\n","protected":false},"author":1,"featured_media":0,"parent":393,"menu_order":2,"comment_status":"closed","ping_status":"closed","template":"","meta":{"footnotes":""},"class_list":["post-1887","page","type-page","status-publish","hentry"],"yoast_head":"<!-- This site is optimized with the Yoast SEO plugin v22.3 - https:\/\/yoast.com\/wordpress\/plugins\/seo\/ -->\n<title>Marketing Digital para Comercios - El Faro De Tu Ciudad<\/title>\n<meta name=\"robots\" content=\"index, follow, max-snippet:-1, max-image-preview:large, max-video-preview:-1\" \/>\n<link rel=\"canonical\" href=\"https:\/\/www.elfarodetuciudad.com\/?page_id=1887\" \/>\n<meta property=\"og:locale\" content=\"es_ES\" \/>\n<meta property=\"og:type\" content=\"article\" \/>\n<meta property=\"og:title\" content=\"Marketing Digital para Comercios - El Faro De Tu Ciudad\" \/>\n<meta property=\"og:description\" content=\"Publicidad en Facebook La gesti\u00f3n adecuada de una campa\u00f1a de publicidad en Facebook puede cambiar tu negocio. Te ayudaremos a definir una estrategia previa en consonancia con la situacion online de tu negocio, y posteriormente gestionamos, y monitarizamos toda la campa\u00f1a. Tus campa\u00f1as de publicidad en Facebook pueden ser muy rentables. \u00a1Nosotros las gestionamos por [&hellip;]\" \/>\n<meta property=\"og:url\" content=\"https:\/\/www.elfarodetuciudad.com\/?page_id=1887\" \/>\n<meta property=\"og:site_name\" content=\"El Faro De Tu Ciudad\" \/>\n<meta property=\"article:publisher\" content=\"https:\/\/es-es.facebook.com\/ElFaroDeTuCiudad\/\" \/>\n<meta property=\"article:modified_time\" content=\"2020-04-03T22:29:09+00:00\" \/>\n<meta name=\"twitter:card\" content=\"summary_large_image\" \/>\n<meta name=\"twitter:site\" content=\"@elfarodetuciuda\" \/>\n<meta name=\"twitter:label1\" content=\"Tiempo de lectura\" \/>\n\t<meta name=\"twitter:data1\" content=\"1 minuto\" \/>\n<script type=\"application\/ld+json\" class=\"yoast-schema-graph\">{\"@context\":\"https:\/\/schema.org\",\"@graph\":[{\"@type\":\"WebPage\",\"@id\":\"https:\/\/www.elfarodetuciudad.com\/?page_id=1887\",\"url\":\"https:\/\/www.elfarodetuciudad.com\/?page_id=1887\",\"name\":\"Marketing Digital para Comercios - El Faro De Tu Ciudad\",\"isPartOf\":{\"@id\":\"https:\/\/www.elfarodetuciudad.com\/#website\"},\"datePublished\":\"2020-04-03T11:44:10+00:00\",\"dateModified\":\"2020-04-03T22:29:09+00:00\",\"breadcrumb\":{\"@id\":\"https:\/\/www.elfarodetuciudad.com\/?page_id=1887#breadcrumb\"},\"inLanguage\":\"es\",\"potentialAction\":[{\"@type\":\"ReadAction\",\"target\":[\"https:\/\/www.elfarodetuciudad.com\/?page_id=1887\"]}]},{\"@type\":\"BreadcrumbList\",\"@id\":\"https:\/\/www.elfarodetuciudad.com\/?page_id=1887#breadcrumb\",\"itemListElement\":[{\"@type\":\"ListItem\",\"position\":1,\"name\":\"Portada\",\"item\":\"https:\/\/www.elfarodetuciudad.com\/\"},{\"@type\":\"ListItem\",\"position\":2,\"name\":\"\u00bfQuieres aumentar tus ventas?\",\"item\":\"https:\/\/www.elfarodetuciudad.com\/?page_id=393\"},{\"@type\":\"ListItem\",\"position\":3,\"name\":\"Marketing Digital para Comercios\"}]},{\"@type\":\"WebSite\",\"@id\":\"https:\/\/www.elfarodetuciudad.com\/#website\",\"url\":\"https:\/\/www.elfarodetuciudad.com\/\",\"name\":\"El Faro De Tu Ciudad\",\"description\":\"Aplicaci&oacute;n m&oacute;vil para fidelizar y ganar clientes\",\"publisher\":{\"@id\":\"https:\/\/www.elfarodetuciudad.com\/#organization\"},\"potentialAction\":[{\"@type\":\"SearchAction\",\"target\":{\"@type\":\"EntryPoint\",\"urlTemplate\":\"https:\/\/www.elfarodetuciudad.com\/?s={search_term_string}\"},\"query-input\":\"required name=search_term_string\"}],\"inLanguage\":\"es\"},{\"@type\":\"Organization\",\"@id\":\"https:\/\/www.elfarodetuciudad.com\/#organization\",\"name\":\"El Faro De Tu Ciudad\",\"url\":\"https:\/\/www.elfarodetuciudad.com\/\",\"logo\":{\"@type\":\"ImageObject\",\"inLanguage\":\"es\",\"@id\":\"https:\/\/www.elfarodetuciudad.com\/#\/schema\/logo\/image\/\",\"url\":\"https:\/\/i1.wp.com\/www.elfarodetuciudad.com\/wp-content\/uploads\/2018\/09\/logo_faro_tu_ciudad_1.png?fit=149%2C121&ssl=1\",\"contentUrl\":\"https:\/\/i1.wp.com\/www.elfarodetuciudad.com\/wp-content\/uploads\/2018\/09\/logo_faro_tu_ciudad_1.png?fit=149%2C121&ssl=1\",\"width\":149,\"height\":121,\"caption\":\"El Faro De Tu Ciudad\"},\"image\":{\"@id\":\"https:\/\/www.elfarodetuciudad.com\/#\/schema\/logo\/image\/\"},\"sameAs\":[\"https:\/\/es-es.facebook.com\/ElFaroDeTuCiudad\/\",\"https:\/\/twitter.com\/elfarodetuciuda\",\"https:\/\/www.instagram.com\/elfarodetuciudad\",\"https:\/\/www.linkedin.com\/company\/el-faro-de-tu-ciudad\",\"https:\/\/www.youtube.com\/channel\/UC9KIxQr8s2s2a6OLwNTQOhw\"]}]}<\/script>\n<!-- \/ Yoast SEO plugin. -->","yoast_head_json":{"title":"Marketing Digital para Comercios - El Faro De Tu Ciudad","robots":{"index":"index","follow":"follow","max-snippet":"max-snippet:-1","max-image-preview":"max-image-preview:large","max-video-preview":"max-video-preview:-1"},"canonical":"https:\/\/www.elfarodetuciudad.com\/?page_id=1887","og_locale":"es_ES","og_type":"article","og_title":"Marketing Digital para Comercios - El Faro De Tu Ciudad","og_description":"Publicidad en Facebook La gesti\u00f3n adecuada de una campa\u00f1a de publicidad en Facebook puede cambiar tu negocio. Te ayudaremos a definir una estrategia previa en consonancia con la situacion online de tu negocio, y posteriormente gestionamos, y monitarizamos toda la campa\u00f1a. Tus campa\u00f1as de publicidad en Facebook pueden ser muy rentables. \u00a1Nosotros las gestionamos por [&hellip;]","og_url":"https:\/\/www.elfarodetuciudad.com\/?page_id=1887","og_site_name":"El Faro De Tu Ciudad","article_publisher":"https:\/\/es-es.facebook.com\/ElFaroDeTuCiudad\/","article_modified_time":"2020-04-03T22:29:09+00:00","twitter_card":"summary_large_image","twitter_site":"@elfarodetuciuda","twitter_misc":{"Tiempo de lectura":"1 minuto"},"schema":{"@context":"https:\/\/schema.org","@graph":[{"@type":"WebPage","@id":"https:\/\/www.elfarodetuciudad.com\/?page_id=1887","url":"https:\/\/www.elfarodetuciudad.com\/?page_id=1887","name":"Marketing Digital para Comercios - El Faro De Tu Ciudad","isPartOf":{"@id":"https:\/\/www.elfarodetuciudad.com\/#website"},"datePublished":"2020-04-03T11:44:10+00:00","dateModified":"2020-04-03T22:29:09+00:00","breadcrumb":{"@id":"https:\/\/www.elfarodetuciudad.com\/?page_id=1887#breadcrumb"},"inLanguage":"es","potentialAction":[{"@type":"ReadAction","target":["https:\/\/www.elfarodetuciudad.com\/?page_id=1887"]}]},{"@type":"BreadcrumbList","@id":"https:\/\/www.elfarodetuciudad.com\/?page_id=1887#breadcrumb","itemListElement":[{"@type":"ListItem","position":1,"name":"Portada","item":"https:\/\/www.elfarodetuciudad.com\/"},{"@type":"ListItem","position":2,"name":"\u00bfQuieres aumentar tus ventas?","item":"https:\/\/www.elfarodetuciudad.com\/?page_id=393"},{"@type":"ListItem","position":3,"name":"Marketing Digital para Comercios"}]},{"@type":"WebSite","@id":"https:\/\/www.elfarodetuciudad.com\/#website","url":"https:\/\/www.elfarodetuciudad.com\/","name":"El Faro De Tu Ciudad","description":"Aplicaci&oacute;n m&oacute;vil para fidelizar y ganar clientes","publisher":{"@id":"https:\/\/www.elfarodetuciudad.com\/#organization"},"potentialAction":[{"@type":"SearchAction","target":{"@type":"EntryPoint","urlTemplate":"https:\/\/www.elfarodetuciudad.com\/?s={search_term_string}"},"query-input":"required name=search_term_string"}],"inLanguage":"es"},{"@type":"Organization","@id":"https:\/\/www.elfarodetuciudad.com\/#organization","name":"El Faro De Tu Ciudad","url":"https:\/\/www.elfarodetuciudad.com\/","logo":{"@type":"ImageObject","inLanguage":"es","@id":"https:\/\/www.elfarodetuciudad.com\/#\/schema\/logo\/image\/","url":"https:\/\/i1.wp.com\/www.elfarodetuciudad.com\/wp-content\/uploads\/2018\/09\/logo_faro_tu_ciudad_1.png?fit=149%2C121&ssl=1","contentUrl":"https:\/\/i1.wp.com\/www.elfarodetuciudad.com\/wp-content\/uploads\/2018\/09\/logo_faro_tu_ciudad_1.png?fit=149%2C121&ssl=1","width":149,"height":121,"caption":"El Faro De Tu Ciudad"},"image":{"@id":"https:\/\/www.elfarodetuciudad.com\/#\/schema\/logo\/image\/"},"sameAs":["https:\/\/es-es.facebook.com\/ElFaroDeTuCiudad\/","https:\/\/twitter.com\/elfarodetuciuda","https:\/\/www.instagram.com\/elfarodetuciudad","https:\/\/www.linkedin.com\/company\/el-faro-de-tu-ciudad","https:\/\/www.youtube.com\/channel\/UC9KIxQr8s2s2a6OLwNTQOhw"]}]}},"_links":{"self":[{"href":"https:\/\/www.elfarodetuciudad.com\/index.php?rest_route=\/wp\/v2\/pages\/1887","targetHints":{"allow":["GET"]}}],"collection":[{"href":"https:\/\/www.elfarodetuciudad.com\/index.php?rest_route=\/wp\/v2\/pages"}],"about":[{"href":"https:\/\/www.elfarodetuciudad.com\/index.php?rest_route=\/wp\/v2\/types\/page"}],"author":[{"embeddable":true,"href":"https:\/\/www.elfarodetuciudad.com\/index.php?rest_route=\/wp\/v2\/users\/1"}],"replies":[{"embeddable":true,"href":"https:\/\/www.elfarodetuciudad.com\/index.php?rest_route=%2Fwp%2Fv2%2Fcomments&post=1887"}],"version-history":[{"count":4,"href":"https:\/\/www.elfarodetuciudad.com\/index.php?rest_route=\/wp\/v2\/pages\/1887\/revisions"}],"predecessor-version":[{"id":1895,"href":"https:\/\/www.elfarodetuciudad.com\/index.php?rest_route=\/wp\/v2\/pages\/1887\/revisions\/1895"}],"up":[{"embeddable":true,"href":"https:\/\/www.elfarodetuciudad.com\/index.php?rest_route=\/wp\/v2\/pages\/393"}],"wp:attachment":[{"href":"https:\/\/www.elfarodetuciudad.com\/index.php?rest_route=%2Fwp%2Fv2%2Fmedia&parent=1887"}],"curies":[{"name":"wp","href":"https:\/\/api.w.org\/{rel}","templated":true}]}}